at are the prime factors of 1741?
1741
What are the prime factors of 708?
2, 3, 59
What are the prime factors of 2876?
2, 719
List the prime factors of 245.
5, 7
What are the prime factors of 114027?
3, 191, 199
What are the prime factors of 1023?
3, 11, 31
What are the prime factors of 6096?
2, 3, 127
What are the prime factors of 286?
2, 11, 13
What are the prime factors of 20554?
2, 43, 239
List the prime factors of 9.
3
What are the prime factors of 186595?
5, 67, 557
What are the prime factors of 1167?
3, 389
List the prime factors of 1291.
1291
What are the prime factors of 5075?
5, 7, 29
List the prime factors of 429.
3, 11, 13
What are the prime factors of 44513?
7, 6359
List the prime factors of 1228.
2, 307
List the prime factors of 35855.
5, 71, 101
List the prime factors of 1943.
29, 67
List the prime factors of 1061.
1061
List the prime factors of 6901.
67, 103
List the prime factors of 6706.
2, 7, 479
What are the prime factors of 2533?
17, 149
List the prime factors of 3342.
2, 3, 557
What are the prime factors of 12230?
2, 5, 1223
List the prime factors of 36913.
36913
List the prime factors of 26954.
2, 13477
What are the prime factors of 1009?
1009
List the prime factors of 17374.
2, 7, 17, 73
What are the prime factors of 1212?
2, 3, 101
What are the prime factors of 74755?
5, 14951
What are the prime factors of 10384?
2, 11, 59
List the prime factors of 892.
2, 223
What are the prime factors of 9306?
2, 3, 11, 47
List the prime factors of 363.
3, 11
List the prime factors of 1194.
2, 3, 199
List the prime factors of 766.
2, 383
List the prime factors of 591.
3, 197
List the prime factors of 6833.
6833
What are the prime factors of 4318?
2, 17, 127
What are the prime factors of 2676?
2, 3, 223
List the prime factors of 10139.
10139
List the prime factors of 41568.
2, 3, 433
What are the prime factors of 19574?
2, 9787
List the prime factors of 13016.
2, 1627
List the prime factors of 10967.
11, 997
What are the prime factors of 36760?
2, 5, 919
List the prime factors of 1126.
2, 563
List the prime factors of 12466.
2, 23, 271
What are the prime factors of 19864?
2, 13, 191
What are the prime factors of 581?
7, 83
What are the prime factors of 3376?
2, 211
What are the prime factors of 17747?
17747
List the prime factors of 43119.
3, 1597
List the prime factors of 652.
2, 163
What are the prime factors of 26720?
2, 5, 167
What are the prime factors of 34951?
7, 4993
List the prime factors of 582.
2, 3, 97
What are the prime factors of 3430?
2, 5, 7
What are the prime factors of 212?
2, 53
List the prime factors of 6730.
2, 5, 673
What are the prime factors of 7637?
7, 1091
What are the prime factors of 47277?
3, 17, 103
What are the prime factors of 1098?
2, 3, 61
List the prime factors of 127434.
2, 3, 67, 317
What are the prime factors of 1472?
2, 23
What are the prime factors of 3109?
3109
List the prime factors of 1090.
2, 5, 109
List the prime factors of 73263.
3, 24421
What are the prime factors of 615?
3, 5, 41
What are the prime factors of 162?
2, 3
List the prime factors of 1269.
3, 47
What are the prime factors of 4409?
4409
What are the prime factors of 83821?
109, 769
What are the prime factors of 16888?
2, 2111
List the prime factors of 5349.
3, 1783
List the prime factors of 985.
5, 197
List the prime factors of 430.
2, 5, 43
List the prime factors of 9283.
9283
List the prime factors of 867.
3, 17
What are the prime factors of 39309?
3, 13103
What are the prime factors of 6147?
3, 683
List the prime factors of 9280.
2, 5, 29
What are the prime factors of 17654?
2, 7, 13, 97
List the prime factors of 17380.
2, 5, 11, 79
List the prime factors of 2364.
2, 3, 197
List the prime factors of 112490.
2, 5, 7, 1607
List the prime factors of 3636.
2, 3, 101
What are the prime factors of 8414?
2, 7, 601
List the prime factors of 44887.
44887
List the prime factors of 59702.
2, 29851
What are the prime factors of 11989?
19, 631
What are the prime factors of 18713?
18713
What are the prime factors of 1083?
3, 19
List the prime factors of 35734.
2, 17, 1051
List the prime factors of 14594.
2, 7297
What are the prime factors of 7860?
2, 3, 5, 131
List the prime factors of 805.
5, 7, 23
List the prime factors of 433.
433
List the prime factors of 10729.
10729
What are the prime factors of 3508?
2, 877
What are the prime factors of 7739?
71, 109
What are the prime factors of 231?
3, 7, 11
What are the prime factors of 977?
977
What are the prime factors of 72211?
72211
List the prime factors of 46343.
11, 383
List the prime factors of 69574.
2, 43, 809
List the prime factors of 25082.
2, 12541
What are the prime factors of 1799?
7, 257
What are the prime factors of 1479?
3, 17, 29
What are the prime factors of 8618?
2, 31, 139
List the prime factors of 152879.
152879
List the prime factors of 162009.
3, 47, 383
What are the prime factors of 1219?
23, 53
What are the prime factors of 10797?
3, 59, 61
List the prime factors of 31.
31
What are the prime factors of 15290?
2, 5, 11, 139
What are the prime factors of 3743?
19, 197
What are the prime factors of 402?
2, 3, 67
List the prime factors of 276.
2, 3, 23
List the prime factors of 1541.
23, 67
List the prime factors of 5407.
5407
List the prime factors of 11559.
3, 3853
What are the prime factors of 743?
743
What are the prime factors of 871?
13, 67
What are the prime factors of 12595?
5, 11, 229
What are the prime factors of 1142?
2, 571
What are the prime factors of 17675?
5, 7, 101
List the prime factors of 18553.
18553
List the prime factors of 886.
2, 443
List the prime factors of 10431.
3, 19, 61
List the prime factors of 7014.
2, 3, 7, 167
What are the prime factors of 9644?
2, 2411
What are the prime factors of 4485?
3, 5, 13, 23
What are the prime factors of 470?
2, 5, 47
List the prime factors of 1772.
2, 443
What are the prime factors of 2856?
2, 3, 7, 17
What are the prime factors of 360?
2, 3, 5
List the prime factors of 65097.
3, 2411
List the prime factors of 1752.
2, 3, 73
List the prime factors of 558.
2, 3, 31
What are the prime factors of 1278?
2, 3, 71
List the prime factors of 16100.
2, 5, 7, 23
List the prime factors of 4401.
3, 163
What are the prime factors of 55731?
3, 13, 1429
What are the prime factors of 130856?
2, 11, 1487
List the prime factors of 33648.
2, 3, 701
What are the prime factors of 5871?
3, 19, 103
List the prime factors of 16311.
3, 5437
List the prime factors of 16605.
3, 5, 41
List the prime factors of 2446.
2, 1223
List the prime factors of 19329.
3, 17, 379
List the prime factors of 12651.
3, 4217
What are the prime factors of 574?
2, 7, 41
What are the prime factors of 12482?
2, 79
What are the prime factors of 16471?
7, 13, 181
List the prime factors of 926.
2, 463
List the prime factors of 21636.
2, 3, 601
List the prime factors of 5836.
2, 1459
List the prime factors of 5483.
5483
What are the prime factors of 8222?
2, 4111
List the prime factors of 49544.
2, 11, 563
What are the prime factors of 26701?
26701
What are the prime factors of 5390?
2, 5, 7, 11
What are the prime factors of 2217?
3, 739
What are the prime factors of 13367?
13367
What are the prime factors of 142378?
2, 257, 277
List the prime factors of 38681.
47, 823
List the prime factors of 16922.
2, 8461
List the prime factors of 43883.
7, 6269
What are the prime factors of 910?
2, 5, 7, 13
What are the prime factors of 47947?
47947
List the prime factors of 94764.
2, 3, 53, 149
What are the prime factors of 4811?
17, 283
What are the prime factors of 52401?
3, 17467
List the prime factors of 61418.
2, 7, 41, 107
List the prime factors of 753.
3, 251
List the prime factors of 112860.
2, 3, 5, 11, 19
List the prime factors of 11120.
2, 5, 139
List the prime factors of 55239.
3, 18413
What are the prime factors of 16204?
2, 4051
What are the prime factors of 25078?
2, 12539
What are the prime factors of 98965?
5, 19793
What are the prime factors of 2524?
2, 631
What are the prime factors of 16420?
2, 5, 821
What are the prime factors of 222?
2, 3, 37
List the prime factors of 7733.
11, 19, 37
What are the prime factors of 53792?
2, 41
List the prime factors of 5719.
7, 19, 43
What are the prime factors of 25905?
3, 5, 11, 157
What are the prime factors of 